{"id":312,"date":"2016-06-27T23:34:37","date_gmt":"2016-06-27T21:34:37","guid":{"rendered":"http:\/\/relacioneslaborales.umh.es\/?page_id=312"},"modified":"2016-06-28T21:29:01","modified_gmt":"2016-06-28T19:29:01","slug":"asociacion-de-graduados-sociales-de-elche-baix-vinalopo-y-vega-baja","status":"publish","type":"page","link":"https:\/\/relacioneslaborales.umh.es\/ca\/colaboradores\/asociacion-de-graduados-sociales-de-elche-baix-vinalopo-y-vega-baja\/","title":{"rendered":"<span lang=\"es\">(Espa\u00f1ol) Asociaci\u00f3n de Graduados Sociales de Elche, Baix vinalop\u00f3 y Vega Baja<\/span>"},"content":{"rendered":"<p class=\"qtranxs-available-languages-message qtranxs-available-languages-message-ca\">Ho sentim, aquesta entrada es troba disponible \u00fanicament en <a href=\"https:\/\/relacioneslaborales.umh.es\/es\/wp-json\/wp\/v2\/pages\/312\" class=\"qtranxs-available-language-link qtranxs-available-language-link-es\" title=\"Espa\u00f1ol\">Espanyol Europeu<\/a>.<\/p>","protected":false},"excerpt":{"rendered":"<p>Ho sentim, aquesta entrada es troba disponible \u00fanicament en Espanyol Europeu.<\/p>\n","protected":false},"author":3505,"featured_media":0,"parent":204,"menu_order":1,"comment_status":"closed","ping_status":"open","template":"","meta":{"_links_to":"","_links_to_target":""},"_links":{"self":[{"href":"https:\/\/relacioneslaborales.umh.es\/ca\/wp-json\/wp\/v2\/pages\/312"}],"collection":[{"href":"https:\/\/relacioneslaborales.umh.es\/ca\/wp-json\/wp\/v2\/pages"}],"about":[{"href":"https:\/\/relacioneslaborales.umh.es\/ca\/wp-json\/wp\/v2\/types\/page"}],"author":[{"embeddable":true,"href":"https:\/\/relacioneslaborales.umh.es\/ca\/wp-json\/wp\/v2\/users\/3505"}],"replies":[{"embeddable":true,"href":"https:\/\/relacioneslaborales.umh.es\/ca\/wp-json\/wp\/v2\/comments?post=312"}],"version-history":[{"count":0,"href":"https:\/\/relacioneslaborales.umh.es\/ca\/wp-json\/wp\/v2\/pages\/312\/revisions"}],"up":[{"embeddable":true,"href":"https:\/\/relacioneslaborales.umh.es\/ca\/wp-json\/wp\/v2\/pages\/204"}],"wp:attachment":[{"href":"https:\/\/relacioneslaborales.umh.es\/ca\/wp-json\/wp\/v2\/media?parent=312"}],"curies":[{"name":"wp","href":"https:\/\/api.w.org\/{rel}","templated":true}]}}

<span lang="es">(Español) Asociación de Graduados Sociales de Elche, Baix vinalopó y Vega Baja</span>

<p class="qtranxs-available-languages-message qtranxs-available-languages-message-ca">Ho sentim, aquesta entrada es troba disponible únicament en <a href="https://relacioneslaborales.umh.es/es/wp-json/wp/v2/pages/312" class="qtranxs-available-language-link qtranxs-available-language-link-es" title="Español">Espanyol Europeu</a>.</p>

<p>Ho sentim, aquesta entrada es troba disponible únicament en Espanyol Europeu.</p>
